e tens digit of 1198?
9
What is the thousands digit of 24375?
4
What is the tens digit of 12628?
2
What is the units digit of 817?
7
What is the tens digit of 116104?
0
What is the hundreds digit of 90928?
9
What is the hundreds digit of 495?
4
What is the tens digit of 272?
7
What is the thousands digit of 33268?
3
What is the tens digit of 1653?
5
What is the ten thousands digit of 18356?
1
What is the thousands digit of 3071?
3
What is the tens digit of 82943?
4
What is the hundreds digit of 1506?
5
What is the tens digit of 18395?
9
What is the thousands digit of 3214?
3
What is the tens digit of 6317?
1
What is the hundreds digit of 856?
8
What is the hundreds digit of 987?
9
What is the hundreds digit of 8152?
1
What is the units digit of 11517?
7
What is the hundreds digit of 507?
5
What is the thousands digit of 3740?
3
What is the hundreds digit of 7551?
5
What is the hundreds digit of 1841?
8
What is the hundreds digit of 3505?
5
What is the hundreds digit of 1874?
8
What is the units digit of 6388?
8
What is the ten thousands digit of 168072?
6
What is the units digit of 32793?
3
What is the tens digit of 595?
9
What is the hundreds digit of 594?
5
What is the ten thousands digit of 109645?
0
What is the tens digit of 1327?
2
What is the units digit of 582?
2
What is the units digit of 5586?
6
What is the tens digit of 70343?
4
What is the hundreds digit of 2268?
2
What is the thousands digit of 1184?
1
What is the tens digit of 62390?
9
What is the units digit of 98255?
5
What is the tens digit of 23125?
2
What is the hundreds digit of 614?
6
What is the thousands digit of 43827?
3
What is the tens digit of 3756?
5
What is the units digit of 404?
4
What is the hundreds digit of 7381?
3
What is the thousands digit of 8951?
8
What is the ten thousands digit of 22504?
2
What is the thousands digit of 3876?
3
What is the units digit of 420?
0
What is the ten thousands digit of 42152?
4
What is the ten thousands digit of 12188?
1
What is the ten thousands digit of 32863?
3
What is the units digit of 3716?
6
What is the hundreds digit of 2146?
1
What is the thousands digit of 1184?
1
What is the units digit of 61118?
8
What is the units digit of 82222?
2
What is the units digit of 15395?
5
What is the tens digit of 5469?
6
What is the hundreds digit of 317?
3
What is the units digit of 53405?
5
What is the units digit of 17912?
2
What is the hundreds digit of 5536?
5
What is the hundreds digit of 561?
5
What is the hundreds digit of 3063?
0
What is the thousands digit of 4324?
4
What is the thousands digit of 161578?
1
What is the hundreds digit of 295?
2
What is the tens digit of 2604?
0
What is the tens digit of 1063?
6
What is the tens digit of 8986?
8
What is the thousands digit of 16202?
6
What is the units digit of 8988?
8
What is the tens digit of 1087?
8
What is the tens digit of 320?
2
What is the tens digit of 12794?
9
What is the units digit of 1440?
0
What is the thousands digit of 44606?
4
What is the units digit of 169383?
3
What is the hundreds digit of 57610?
6
What is the hundreds digit of 10381?
3
What is the units digit of 1268?
8
What is the tens digit of 122030?
3
What is the tens digit of 723?
2
What is the thousands digit of 2108?
2
What is the ten thousands digit of 16355?
1
What is the thousands digit of 49022?
9
What is the thousands digit of 2844?
2
What is the thousands digit of 9224?
9
What is the hundreds digit of 349?
3
What is the units digit of 476?
6
What is the thousands digit of 98351?
8
What is the units digit of 207?
7
What is the units digit of 27171?
1
What is the hundreds digit of 6764?
7
What is the hundreds digit of 1048?
0
What is the units digit of 11310?
0
What is the ten thousands digit of 46602?
4
What is the tens digit of 233?
3
What is the hundreds digit of 150?
1
What is the ten thousands digit of 92389?
9
What is the hundreds digit of 944?
9
What is the thousands digit of 3100?
3
What is the hundreds digit of 4205?
2
What is the ten thousands digit of 68638?
6
What is the units digit of 1155?
5
What is the hundreds digit of 486?
4
What is the thousands digit of 103746?
3
What is the tens digit of 3293?
9
What is the units digit of 2005?
5
What is the thousands digit of 1112?
1
What is the units digit of 50?
0
What is the hundreds digit of 1149?
1
What is the thousands digit of 1187?
1
What is the units digit of 6765?
5
What is the tens digit of 4765?
6
What is the tens digit of 7676?
7
What is the thousands digit of 64197?
4
What is the thousands digit of 1088?
1
What is the hundreds digit of 193?
1
What is the units digit of 13734?
4
What is the tens digit of 1032?
3
What is the tens digit of 9368?
6
What is the thousands digit of 15807?
5
What is the units digit of 2362?
2
What is the units digit of 4296?
6
What is the units digit of 1670?
0
What is the thousands digit of 7281?
7
What is the tens digit of 289?
8
What is the hundreds digit of 1276?
2
What is the thousands digit of 1192?
1
What is the hundreds digit of 1290?
2
What is the units digit of 654?
4
What is the thousands digit of 8189?
8
What is the tens digit of 156?
5
What is the units digit of 9?
9
What is the hundreds digit of 1022?
0
What is the hundreds digit of 31385?
3
What is the tens digit of 4166?
6
What is the tens digit of 506?
0
What is the thousands digit of 2631?
2
What is the hundreds digit of 6554?
5
What is the thousands digit of 157623?
7
What is the tens digit of 58?
5
What is the units digit of 150005?
5
What is the hundreds digit of 1163?
1
What is the tens digit of 7236?
3
What is the units digit of 57688?
8
What is the units digit of 13551?
1
What is the hundreds digit of 335?
3
What is the thousands digit of 3163?
3
What is the thousands digit of 1842?
1
What is the ten thousands digit of 69014?
6
What is the units digit of 22059?
9
What is the hundreds digit of 53166?
1
What is the tens digit of 32300?
0
What is the units digit of 58583?
3
What is the tens digit of 1438?
3
What is the tens digit of 611?
1
What is the thousands digit of 83448?
3
What is the tens digit of 2805?
0
What is the tens digit of 868?
6
What is the units digit of 287?
7
What is the tens digit of 1453?
5
What is the tens digit of 2689?
8
What is the units digit of 3766?
6
What is the thousands digit of 1389?
1
What is the tens digit of 88852?
5
What is the ten thousands digit of 21365?
2
What is the ten thousands digit of 34360?
3
What is the hundreds digit of 22639?
6
What is the tens digit of 29707?
0
What is the thousands digit of 15760?
5
What is the tens digit of 1857?
5
What is the units digit of 41504?
4
What is the hundreds digit of 864?
8
What is the hundreds digit of 592?
5
What is the thousands digit of 122005?
2
What is the units digit of 1057?
7
What is the tens digit of 18600?
0
What is the units digit of 32854?
4
What is the hundreds digit of 7558?
5
What is the ten thousands digit of 25033?
2
What is the units digit of 49473?
3
What is the units digit of 44?
4
What is the units digit of 893?
3
What is the hundreds digit of 1160?
1
What is the units digit of 44182?
2
What is the units digit of 801?
1
What is the hundreds digit of 692?
6
What is the ten thousands digit of 12271?
1
What is the hundreds digit of 77160?
1
What is the hundreds digit of 1287?
2
What is the tens digit of 40741?
4
What is the units digit of 117679?
9
What is the thousands digit of 32083?
2
What is the hundreds digit of 43176?
1
What is the hundreds digit of 438?
4
What is the thousands digit of 29901?
9
What is the units digit of 90703?
3
What is the units digit of 34537?
7
What is the hundreds digit of 1204?
2
What is the thousands digit of 11038?
1
What is the units digit of 705?
5
What is the units digit of 2067?
7
What is the hundreds digit of 26365?
3
What is the thousands digit of 2085?
2
What is the tens digit of 127?
2
What is the tens digit of 919?
1
What is the hundreds digit of 1384?
3
What is the thousands digit of 2612?
2
What is the thousands digit of 5907?
5
What is the hundreds digit of 31165?
1
What is the tens digit of 2245?
4
What is the units digit of 2022?
2
What is the thousands digit of 14809?
4
What is the hundreds digit of 778?
7
What is the hundreds digit of 6870?
8
What is the tens digit of 51160?
6
What 